6 + 3?
122
In base 14, what is 83 + 7?
8a
In base 5, what is 4 - -2202?
2211
In base 9, what is 5 - -172?
177
In base 16, what is 2 + 3c5?
3c7
In base 2, what is -10 - 1000000?
-1000010
In base 2, what is -11011100001 + 110?
-11011011011
In base 9, what is 8 + -38?
-30
In base 15, what is -2492 + 5?
-248c
In base 10, what is -5 - -19?
14
In base 6, what is 0 + 215?
215
In base 3, what is 112102 + -10?
112022
In base 10, what is 9245 - 0?
9245
In base 5, what is -3 + -42122?
-42130
In base 9, what is -2 + -33?
-35
In base 2, what is -101 + -111100000?
-111100101
In base 11, what is 41 + -5?
37
In base 9, what is 2 - -138?
141
In base 16, what is -d0 - 1?
-d1
In base 3, what is -101 - -12?
-12
In base 11, what is 4a + 0?
4a
In base 2, what is 10001010 + 1100?
10010110
In base 4, what is -221 - -11?
-210
In base 16, what is 2 - -178c?
178e
In base 7, what is 3 - -12335?
12341
In base 4, what is 2 - -1?
3
In base 8, what is 1 + -5201?
-5200
In base 8, what is 274 - 5?
267
In base 14, what is 5 - -12?
17
In base 2, what is 101 + -1111100?
-1110111
In base 3, what is -10 - 21012?
-21022
In base 3, what is -10222002 + -10?
-10222012
In base 13, what is 8a1 + 5?
8a6
In base 5, what is 140203 + -1?
140202
In base 11, what is -12 + -18?
-2a
In base 2, what is 11 + -100001000?
-100000101
In base 8, what is -112 - 23?
-135
In base 15, what is -154 - -3?
-151
In base 7, what is 52 - 4?
45
In base 7, what is -4 + -312?
-316
In base 5, what is 220403 + 4?
220412
In base 7, what is -32 + -1?
-33
In base 12, what is -11a6 + -7?
-11b1
In base 7, what is 113 + 46?
162
In base 2, what is -110 - -1001001?
1000011
In base 9, what is 5 + 282?
287
In base 13, what is 1a - 16a?
-150
In base 4, what is -1301011 + -3?
-1301020
In base 14, what is 5 + -63?
-5c
In base 4, what is -10 + 2023?
2013
In base 2, what is 100100001 + 100?
100100101
In base 14, what is 1 - -6a?
6b
In base 15, what is 0 - 179?
-179
In base 10, what is -2 + -47?
-49
In base 12, what is 0 + -2036?
-2036
In base 12, what is -781 + -13?
-794
In base 9, what is -151 + -2?
-153
In base 10, what is 22 - -2?
24
In base 14, what is -14 + -41?
-55
In base 14, what is 3 - -296?
299
In base 10, what is 8 + -139?
-131
In base 3, what is -1001101 + 10?
-1001021
In base 13, what is 11073 + -2?
11071
In base 5, what is 1220 + 311?
2031
In base 10, what is -5 - 119?
-124
In base 9, what is -2 - 3487?
-3500
In base 2, what is 0 - 100001?
-100001
In base 9, what is 1 - 11385?
-11384
In base 2, what is 101 - 100011?
-11110
In base 2, what is -1001011110001 + 100?
-1001011101101
In base 7, what is -354 + 103?
-251
In base 16, what is 512 + -3?
50f
In base 2, what is -11001 + 1111110010?
1111011001
In base 8, what is 3 + 3?
6
In base 10, what is 21 - -79?
100
In base 10, what is 25 - 32?
-7
In base 9, what is 675 + -2?
673
In base 4, what is -3 + 33?
30
In base 7, what is -6 + 15?
6
In base 15, what is -1 + -4ea?
-4eb
In base 14, what is 5 - 87?
-82
In base 2, what is 10 - 10100110001?
-10100101111
In base 4, what is -10 - 223302?
-223312
In base 7, what is 31 + -1652?
-1621
In base 5, what is 22 + -132?
-110
In base 6, what is 12 + 5022?
5034
In base 5, what is -422 - 0?
-422
In base 6, what is -2 + 2142?
2140
In base 10, what is -280 + 3?
-277
In base 7, what is 11 + 1041?
1052
In base 11, what is 11 - 31?
-20
In base 8, what is -1742 - -14?
-1726
In base 4, what is -3 - -112?
103
In base 11, what is 12 - -90?
a2
In base 11, what is 3 - -4a?
52
In base 2, what is 1011000 + -10?
1010110
In base 5, what is -3 - -1031?
1023
In base 16, what is 7f8 - -3?
7fb
In base 5, what is -21241 + -14?
-21310
In base 12, what is 25 + 57?
80
In base 14, what is 23 + -2?
21
In base 8, what is -3 + 423?
420
In base 12, what is -b - -56?
47
In base 8, what is 2 + 7?
11
In base 12, what is -a - -183?
175
In base 16, what is 71 + 5?
76
In base 15, what is -10 - -11?
1
In base 16, what is 1 + -5c?
-5b
In base 2, what is -100 + -10100110?
-10101010
In base 13, what is 4 + 13?
17
In base 5, what is 204 + 31?
240
In base 8, what is 74 - 44?
30
In base 11, what is 2 - 64?
-62
In base 9, what is -343 - 0?
-343
In base 10, what is -736 - 4?
-740
In base 3, what is -12 + -1202?
-1221
In base 5, what is -10 - 102?
-112
In base 10, what is 2269 + 2?
2271
In base 2, what is 11010 - -10001?
101011
In base 4, what is 111 - 1012?
-301
In base 4, what is -331 + -103?
-1100
In base 15, what is 250 + 2?
252
In base 6, what is 3 + -1444?
-1441
In base 13, what is -2 + -299?
-29b
In base 9, what is -44 + -271?
-325
In base 11, what is 2655 - -5?
265a
In base 14, what is -4 + 584?
580
In base 16, what is -5 - 4b?
-50
In base 3, what is -1122 - 10?
-1202
In base 14, what is -1 - -18?
17
In base 2, what is -1010111 + -100?
-1011011
In base 14, what is c1 - 3?
bc
In base 11, what is -1 - 100?
-101
In base 11, what is 90 + -21?
6a
In base 6, what is 1 - -4431?
4432
In base 14, what is 3 + 1c?
21
In base 3, what is 101 - 1011?
-210
In base 8, what is -3076 + -3?
-3101
In base 8, what is 11536 + 0?
11536
In base 12, what is 15 - -17a?
193
In base 3, what is 120222 + -12?
120210
In base 4, what is -22021322 + 10?
-22021312
In base 11, what is -338 + 4?
-334
In base 10, what is 5 + -3?
2
In base 4, what is -33311 - -1?
-33310
In base 16, what is -2 + 24c?
24a
In base 12, what is -4 - ab7?
-abb
In base 6, what is -5403 + -3?
-5410
In base 8, what is -360 - -13?
-345
In base 5, what is 2 - 13?
-11
In base 14, what is -4 - -71?
6b
In base 4, what is -120 + 2010?
1230
In base 7, what is -2 - 6566?
-6601
In base 12, what is 58 + 11?
69
In base 11, what is 15a4 + 5?
15a9
In base 5, what is 240 + 1?
241
In base 15, what is -4e + -2d?
-7c
In base 16, what is -9 - -6?
-3
In base 15, what is -1e - -8e?
70
In base 4, what is -11 + -12123?
-12200
In base 5, what is 10 + 11?
21
In base 16, what is 230 - 3?
22d
In base 7, what is -3340 + 4?
-3333
In base 10, what is 35 - 24?
11
In base 7, what is 332 + 25?
360
In base 3, what is 2 + -2011?
-2002
In base 5, what is 2 + 141?
143
In base 16, what is -20 - -2ae?
28e
In base 5, what is -11213 - 10?
-11223
In base 10, what is 126 + -3?
123
In base 13, what is 20c9 - -2?
20cb
In base 16, what is -2 - -25?
23
In base 8, what is -6442 + -1?
-6443
In base 12, what is 1 - 2688?
-2687
In base 13, what is -207 + -1?
-208
In base 12, what is 1 - 42b?
-42a
In base 15, what is -1864 + 2?
-1862
In base 5, what is -2 - -141?
134
In base 12, what is -4 - -664?
660
In base 5, what is -14042 + -12?
-14104
In base 5, what is 22 - 12?
10
In base 2, what is -10010111110100 - -1?
-10010111110011
In base 12, what is 2844 + 2?
2846
In base 5, what is -3 + -200401?
-200404
In base 16, what is -682 - -3?
-67f
In base 7, what is -3 - 141?
-144
In base 9, what is 111 - 3?
107
In base 6, what is -200 + 2?
-154
In base 14, what is -141 - -2?
-13d
In base 16, what is 1 + 201?
202
In base 15, what is -8 + -9e?
-a7
In base 7, what is -16234 + -1?
-16235
In base 11, what is 22 + 8?
2a
In base 15, what is -1 - -20?
1e
In base 6, what is 42254 - -4?
42302
In base 12, what is 557 - 1?
556
In base 6, what is 3 - -331?
334
In base 15, what is -192 + -1?
-193
In base 12, what is -1 + -107?
-108
In base 9, what is 1 + 63?
64
In base 11, what is -523 - 5?
-528
In base 4, what is 11 - 30300?
-30223
In base 12, what is 3113 - 2?
3111
In base 3, what is 1202220 + -12?
1202201
In base 5, what is 300 - -32?
332
In base 2, what is -10 + 110101001?
110100111
In base 5, what is 1341 - -1?
1342
In base 14, what is 0 - -17c?
17c
In base 4, what is -1102132 + 0?
-1102132
In base 15, what is 1 + -12?
-11
In base 11, what is 1a43 + 3?
1a46
In base 6, what is 14 - 14?
0
In base 14, what is 7 + 2a?
33
In base 15, what is 4 + -2a?
-26
In base 16, what is -3 - -81?
7e
In base 12, what is 80 - 1?
7b
In base 16, what is -5 - 5?
-a
In base 13, what is -12 + -23?
-35
In base 12, what is -12 + 136?
124
In base 5, what is 121334 + 10?
121344
In base 4, what is -10 + 1232?
1222
In base 5, what is -214002 - -4?
-213443
In base 4, what is 123 + 323?
1112
In base 6, what is 15 + -541?
-522
In base 4, what is -12330 - 2?
-12332
In base 8, what is -3272 - 4?
-3276
In base 4, what is 10123 - 3?
10120
In base 15, what is -1 - -33?
32
In base 9, what is 3 - -33?
36
In base 4, what is 10 + 1100322?
11